r(a).
23
Let d(f) = 5*f - 14. Suppose -179 = -77*c - 25. Determine d(c).
-4
Let p(l) be the second derivative of l**5/20 - l**4/12 - l**3/6 - l**2/2 + l. Suppose -203*a = 21*a + 24*a. Give p(a).
-1
Let k(j) = -2*j + 7. Let t(a) = a**2 - 8*a + 14. Let l be t(6). Suppose 5*d + 6 = -y + 32, -d = y - l. Determine k(d).
-5
Let h be (-1)/(2*(-3)/6). Let f(w) = -3*w**2 - 8*w - h + 2*w**2 - 4. Let u = -574 + 568. Give f(u).
7
Suppose -5*i + d + 34 = -72, -5*i - 3*d + 122 = 0. Suppose i = -2*m + 20. Let b(a) = 5*a - 1. Determine b(m).
-6
Let n(w) = 2*w + 7. Let k be (0 + (-48)/20)/(2/5). Calculate n(k).
-5
Let a(b) = 2*b + 36. Let m be a(-17). Suppose 6*n + 4 = -m. Let g(t) = 4*t**2 - 1. What is g(n)?
3
Let k(v) be the third derivative of -v**6/60 - v**5/60 + v**4/12 + v**3/3 + v**2 - 46. What is k(-1)?
1
Let v(o) = -5. Let d(m) = -m - 4. Let n(g) = -4*d(g) + 3*v(g). Suppose -5*u - 2*l = -0*l + 5, 5 = -5*u + 2*l. Give n(u).
-3
Let f(t) = 11*t**2 - t - 1. Let n be f(1). Suppose -3*y = -n*y + 12. Let k(u) = -3*u**2 + 3*u - 1. What is k(y)?
-7
Let o(d) be the second derivative of d**5/20 + d**4/12 - 2*d**3/3 - d**2/2 - 10*d. Let c be 12/16 + 30/(-16)*2. Calculate o(c).
-7
Let w(d) = d**2 + 6*d - 24. Let m be w(-11). Let p = 37 - m. Let u(a) = -a**2 + 10*a - 7. What is u(p)?
17
Let h(f) = f**2 - 4*f - 3. Suppose 2*g - 45 = x, g + 30 = 3*g + 2*x. Let o = -14 + g. Calculate h(o).
9
Let q(r) = r - 2. Let f(t) = t - 1. Let u(b) = -2*f(b) + q(b). Calculate u(8).
-8
Let i(l) = 7*l**2 + l - 2. Let q be 4/(-6 + 10) + 1. What is i(q)?
28
Let n(h) = -10*h - 64. Let l be n(-7). Let f(m) = m**3 - 5*m**2 - 8*m + 15. Give f(l).
3
Suppose 3*x - 22 = 20. Suppose -x*u - 18 = -13*u. Let j = u + 18. Let f(y) = y**2 + 11. Calculate f(j).
11
Let p(l) be the second derivative of -l**4/12 + 4*l**3/3 - 9*l**2/2 + 52*l - 2. Calculate p(5).
6
Let n(q) = -q**3 - 5*q**2 + 19*q - 10. Let z(c) = -c**3 - 5*c**2 + 18*c - 9. Let x(v) = -5*n(v) + 6*z(v). Calculate x(-7).
3
Let y(a) = 22*a + 661*a**2 - 20*a - a**3 - 664*a**2 - 2. What is y(-4)?
6
Let t(c) = c**3 + 4*c**2 + 2*c + 7. Suppose 0 = -2*z + 3*s + 9, -5*z + 10*z - 5*s - 10 = 0. Calculate t(z).
10
Let p(q) = 1. Let t be 3 - (-1 - -1) - 6. Let r be (t/2)/(15/50). Let g(s) = -2*s + 4. Let a(u) = r*p(u) + g(u). Give a(-1).
1
Let r(p) = 7*p + 2. Let v(g) = g. Let a(q) = r(q) - 6*v(q). Determine a(8).
10
Let p(u) = -u - 2. Suppose -12 = 2*w - 8. Give p(w).
0
Let y(s) be the first derivative of s**3/3 - s**2 + s - 70. Let u = 18 - 21. Give y(u).
16
Let i(a) = 4*a**2 - 9*a + 2. Let c(f) = -2*f**2 + 4*f - 1. Let m(b) = 13*c(b) + 6*i(b). Suppose 0 = -5*z + 516 - 16. Let j be (-3)/(-2)*z/(-75). What is m(j)?
-5
Suppose 5*l + 5 = 5*h, -13*h + 3 = 2*l - 14*h. Let p(g) be the second derivative of 0 - g - 1/2*g**l + g**3 + 0*g**2 + 1/20*g**5. Calculate p(4).
-8
Let i be ((-18)/(-15))/((-15)/(-50)). Let u(r) = 4*r - 2. Determine u(i).
14
Let b(j) be the first derivative of -j**4/4 - j**3/3 + j**2/2 - j + 1. Suppose 1 = d - g, d + 6*g - 8*g = 5. Calculate b(d).
14
Let y = 0 - 3. Let w(z) = -1774*z + 3 - 5 - 1777*z + 3545*z. Calculate w(y).
16
Let j(p) = -4*p + 1. Suppose 0 = -449*d + 448*d - 6. Determine j(d).
25
Let l(t) = -t**3 + 4*t**2 + 15*t - 10. Suppose 3*b - 24 = -4*g, g - 10 = 2*b - 4. Give l(g).
8
Let z(p) = -6*p - 3. Let m = -168 + 194. Let x be m/(-26) + -3 + 0. What is z(x)?
21
Let j be -12*3/6 + (2 - 3). Let s(p) = -6*p - 37. Let c be s(j). Let z(t) = -t**2 - t + 5. What is z(c)?
-25
Let i(u) = 3 + u + 21*u - 23*u. Suppose 3*f - 7*f = 0. Give i(f).
3
Suppose -5*q + 9*q - 20 = 0. Suppose -20 = -3*n + q*c, 0 = c + 1 - 0. Let v(p) = -3*p + 2. What is v(n)?
-13
Let f(q) = 2*q**3 + 3*q**2 + 2*q - 14. Let s(l) = l + l**3 - 3 - 8 + l**2 + 4 + 0*l**2. Let w(o) = 2*f(o) - 5*s(o). Give w(0).
7
Let i(a) = -a**2 - 12*a - 28. Let r be i(-4). Suppose u - r = -y, 0 = -2*u - 5*y + 18 - 1. Let d(t) = -15*t - 1. Determine d(u).
-16
Let b be 1*(3 + -49) - -2. Let c = b + 34. Let x(h) = h. What is x(c)?
-10
Let r = -22 + 22. Let k(x) = r*x + 10 - 9 - x. Determine k(2).
-1
Let p(u) = 3*u**2 + 5*u. Let h(n) = 7*n**2 - 5*n**2 + 5*n + 1 + 0*n**2. Let s(k) = 4*h(k) - 3*p(k). Give s(6).
-2
Let k(g) = -3*g**2 + 10*g - 16. Let x(z) = 16*z**2 - 49*z + 91. Let m(w) = 11*k(w) + 2*x(w). Give m(14).
-22
Let x(r) be the second derivative of -1/2*r**5 + 1/6*r**3 + 0*r**2 + 0*r**4 + 0 + 13*r. Calculate x(-1).
9
Let y(g) = 2 - 95*g**2 + 54*g**2 - 3*g + 47*g**2. Determine y(2).
20
Let a(o) = o**3 - 6*o**2 - 7*o + 9. Suppose 1429*s = 1427*s + 14. What is a(s)?
9
Let i(d) = -d**2 + 9*d - 10. Let f be (-85)/(-25) - 2/5. Let a be -1 + 6/f + 8. Calculate i(a).
-10
Suppose 1 = p - 6. Let w(t) = -t**3 + 8*t**2 - 8*t + 3. Let z be w(p). Let y(m) = 3*m + 6. Calculate y(z).
-6
Let n(b) = 15*b. Let d(j) = -j. Let m = -35 + 36. Let w(t) = m*n(t) + 18*d(t). Determine w(-4).
12
Let s(t) be the third derivative of -t**6/360 + t**5/30 - 13*t**4/24 - 17*t**2. Let i(h) be the second derivative of s(h). Calculate i(-3).
10
Let q be (-10)/(-4)*(-72)/(-45). Let n(k) = -6 + 5 - 4*k + q*k + k**3. What is n(1)?
0
Let f(o) be the first derivative of -o**3/3 - 5*o**2/2 - o - 1. Let u(k) = k**3 - 10*k**2 - 2*k + 14. Let t be u(10). Determine f(t).
-7
Let t(n) = -3 + 9*n + 0 + 11 + n**2. Let a be t(-8). Let g(h) be the first derivative of h**4/4 - h**3/3 + 11*h - 2. What is g(a)?
11
Let w(n) = n + 3. Let m(o) = -2*o - 33. Let y be m(-8). Let b be -1*3*-1 + (y - -14). Give w(b).
3
Let d be (-12)/(2 - -1) - -6. Suppose i - n = -0*n + 3, -3*i - 16 = d*n. Let v(k) = -k**3 - k**2 + 2*k + 3. Calculate v(i).
3
Suppose 63*y - 58*y + 30 = 0. Let d(j) = j**3 + 9*j**2 + 21*j + 15. Let f be d(y). Let g(a) = a**3 + a**2 - 2*a + 4. Calculate g(f).
-8
Let j(x) = 5*x - 17907 - 9*x**2 + x**3 + 35802 - 17902. Give j(8).
-31
Let w(k) be the first derivative of 31*k**4/4 + 2*k**3/3 + 2*k**2 + 3*k - 291. Determine w(-1).
-30
Let u(b) = -b**3 + 4*b**2 + 6*b - 3. Let q be u(5). Let m be (6/q + -1)*2. Suppose -v + 0 - m = 0. Let p(w) = -w**2 - 4*w - 4. What is p(v)?
-4
Let n(m) = 8*m**3 + 2*m**2 - 2*m + 1. Suppose -4*s = 5*x, 0*s + x = 2*s. Suppose -7*h + 2 + 19 = s. Suppose -4*g - 13 = h*w, 12 = -w - 4*g - 3. Calculate n(w).
9
Let o be 2/(-4)*(6 + -6). Let h(y) = -y**3 - y**2 - 2*y + 8. What is h(o)?
8
Let b(h) = h**2 + 3. Suppose 4*j = -4*z + 16, -18 = 4*j - 6. Suppose z + 8 = 5*a. Let s be (a/5)/((-2)/(-10)). What is b(s)?
12
Suppose 3*q + 5 = -10. Let c be (-4)/20 - 1/q. Let f(d) = d**3 + d. Calculate f(c).
0
Let i(q) = q**3 - 3*q**2 + 3. Let n(w) = 4*w - 29. Let l be n(8). Suppose -f - 2*m = l*m + 11, -26 = -5*f + 2*m. What is i(f)?
19
Let w(h) = 0*h + 3 - 3*h - 2*h. Let r(u) = u**3 - 7*u**2 - 25*u - 10. Let v be r(-2). Calculate w(v).
-17
Let v(s) = 5*s**3 - 21*s**2 - 32*s + 5. Let i(f) = 4*f**3 - 20*f**2 - 29*f + 6. Let n(u) = 6*i(u) - 5*v(u). Give n(-14).
11
Let z(g) = -g**2 + 3*g + 25. Let b(s) = s**2 - s + 1. Let h(c) = 2*b(c) + z(c). Calculate h(0).
27
Let x(w) be the third derivative of -w**5/60 - 5*w**4/12 - 7*w**3/6 - 25*w**2. Give x(-10).
-7
Let b(v) = 2*v. Let z(x) = 2*x. Let s(w) = 2*w. Let p(a) = -4*s(a) + 5*z(a). Let q(r) = 5*b(r) - 4*p(r). Calculate q(6).
12
Let l(y) = 8 - y**2 + 16*y + 3*y**2 + 13 + 4*y**2 - 5*y**2. What is l(-14)?
-7
Let x(y) = y**3 - 5*y**2 - 6*y. Let d(c) = -c**2 - 5*c - 6. Let m be d(-2). Let z be (-80)/14 - 2/7. Let v = m - z. Determine x(v).
0
Let z be ((-8)/24)/(2/6). Let f(r) = 11*r**2 + 2*r + 3. Let o be f(z). Suppose 5*m - o = -2. Let s(n) = 2*n**3 - 2*n**2 + 3*n. Give s(m).
14
Let m be (2/(-20))/(28/(-140)). Let g(c) be the first derivative of 4 - m*c**2 + 10*c. Give g(6).
4
Let z(l) = 34*l - 15. Let k(x) = -10*x + 4. Let f(b) = 21*k(b) + 6*z(b). What is f(5)?
-36
Suppose 2*m - 18 = -4*t, 10 = 3*t + 1. Let i(j) = -24*j - 12*j + m + 44*j. Calculate i(-3).
-21
Suppose 8 = k + 2*z, -4*k + 12*z - 9*z + 10 = 0. Let s(d) be the third derivative of 1/24*d**k + 0 + 0*d - 9*d**2 + 1/2*d**3. Determine s(0).
3
Let m(v) = v**3 + 2*v**2 - 4*v - 4. Let f be 2/(-2) - (-27)/(-9). What is m(f)?
-20
Let q be 2 - (3 - (-2 - -7)). Suppose -f + 4*j = 5, 0*j = 2*f + 4*j - 14. Let d(t) = 9*t**3 - f + 4*t + 3*t**2 + 1 - 10*t**3 + t. What is d(q)?
2
Let l be (0 - -2)*(-8 + 14). Let a be (-10)/(-